{"id":88,"date":"2023-07-03T12:51:14","date_gmt":"2023-07-03T12:51:14","guid":{"rendered":"http:\/\/www.exklusiver-kloeppelschmuck.de\/wrdprss\/?page_id=88"},"modified":"2023-07-10T09:48:31","modified_gmt":"2023-07-10T09:48:31","slug":"utensilos","status":"publish","type":"page","link":"https:\/\/www.elashaekeltraeume.de\/wrdprss\/utensilos\/","title":{"rendered":"K\u00f6rbe komplett geh\u00e4kelt"},"content":{"rendered":"\n<p>Diese sch\u00f6nen Utensilios k\u00f6nnen als Brotk\u00f6rbe, Dekok\u00f6rbchen, Blumen\u00fcbertopf oder zur Aufbewahrung verwendet werden und sind in jedem Fall ein Hingucker in deiner Wohnung.<\/p>\n\n\n\n<p>Die K\u00f6rbchen werden aus 5mm recycelter Baumwollkordel von Bobbiny geh\u00e4kelt.<\/p>\n\n\n\n<div class=\"wp-block-columns is-layout-flex wp-container-4\">\n<div class=\"wp-block-column is-layout-flow\">\n<figure class=\"wp-block-image size-thumbnail\"><a href=\"https:\/\/www.elashaekeltraeume.de\/wrdprss\/wp-content\/uploads\/2023\/07\/IMG_8130-scaled-e1688924847537.jpg\" target=\"_blank\" rel=\"noreferrer noopener\"><img decoding=\"async\" loading=\"lazy\" width=\"150\" height=\"150\" src=\"https:\/\/www.elashaekeltraeume.de\/wrdprss\/wp-content\/uploads\/2023\/07\/IMG_8130-scaled-e1688924847537-150x150.jpg\" alt=\"\" class=\"wp-image-223\"\/><\/a><\/figure>\n<\/div>\n\n\n\n<div class=\"wp-block-column is-layout-flow\">\n<figure class=\"wp-block-image size-thumbnail\"><a href=\"https:\/\/www.elashaekeltraeume.de\/wrdprss\/wp-content\/uploads\/2023\/07\/IMG_8814-scaled-e1688924794395.jpg\" target=\"_blank\" rel=\"noreferrer noopener\"><img decoding=\"async\" loading=\"lazy\" width=\"150\" height=\"150\" src=\"https:\/\/www.elashaekeltraeume.de\/wrdprss\/wp-content\/uploads\/2023\/07\/IMG_8814-scaled-e1688924794395-150x150.jpg\" alt=\"\" class=\"wp-image-221\"\/><\/a><\/figure>\n<\/div>\n\n\n\n<div class=\"wp-block-column is-layout-flow\">\n<figure class=\"wp-block-image size-thumbnail\"><a href=\"https:\/\/www.elashaekeltraeume.de\/wrdprss\/wp-content\/uploads\/2023\/07\/IMG_8127-scaled-1-e1688924890827.jpg\" target=\"_blank\" rel=\"noreferrer noopener\"><img decoding=\"async\" loading=\"lazy\" width=\"150\" height=\"150\" src=\"https:\/\/www.elashaekeltraeume.de\/wrdprss\/wp-content\/uploads\/2023\/07\/IMG_8127-scaled-1-e1688924890827-150x150.jpg\" alt=\"\" class=\"wp-image-89\"\/><\/a><\/figure>\n<\/div>\n<\/div>\n\n\n\n<div class=\"wp-block-columns is-layout-flex wp-container-8\">\n<div class=\"wp-block-column is-layout-flow\">\n<figure class=\"wp-block-image size-thumbnail\"><a href=\"https:\/\/www.elashaekeltraeume.de\/wrdprss\/wp-content\/uploads\/2023\/07\/IMG_7852-scaled-e1688924930176.jpg\" target=\"_blank\" rel=\"noreferrer noopener\"><img decoding=\"async\" src=\"https:\/\/www.elashaekeltraeume.de\/wrdprss\/wp-content\/uploads\/2023\/07\/IMG_7852-scaled-e1688924930176-150x150.jpg\" alt=\"\" class=\"wp-image-220\"\/><\/a><\/figure>\n<\/div>\n\n\n\n<div class=\"wp-block-column is-layout-flow\">\n<figure class=\"wp-block-image size-thumbnail\"><a href=\"https:\/\/www.elashaekeltraeume.de\/wrdprss\/wp-content\/uploads\/2023\/07\/IMG_7936-scaled-e1688924910656.jpg\" target=\"_blank\" rel=\"noreferrer noopener\"><img decoding=\"async\" src=\"https:\/\/www.elashaekeltraeume.de\/wrdprss\/wp-content\/uploads\/2023\/07\/IMG_7936-scaled-e1688924910656-150x150.jpg\" alt=\"\" class=\"wp-image-222\"\/><\/a><\/figure>\n<\/div>\n\n\n\n<div class=\"wp-block-column is-layout-flow\">\n<figure class=\"wp-block-image size-thumbnail\"><a href=\"https:\/\/www.elashaekeltraeume.de\/wrdprss\/wp-content\/uploads\/2023\/07\/IMG_7828-scaled-e1688924944743.jpg\" target=\"_blank\" rel=\"noreferrer noopener\"><img decoding=\"async\" src=\"https:\/\/www.elashaekeltraeume.de\/wrdprss\/wp-content\/uploads\/2023\/07\/IMG_7828-scaled-e1688924944743-150x150.jpg\" alt=\"\" class=\"wp-image-219\"\/><\/a><\/figure>\n<\/div>\n<\/div>\n","protected":false},"excerpt":{"rendered":"<p>Diese sch\u00f6nen Utensilios k\u00f6nnen als Brotk\u00f6rbe, Dekok\u00f6rbchen, Blumen\u00fcbertopf oder zur Aufbewahrung verwendet werden und sind in jedem Fall ein Hingucker in deiner Wohnung. Die K\u00f6rbchen werden aus 5mm recycelter Baumwollkordel von Bobbiny geh\u00e4kelt.<\/p>\n","protected":false},"author":1,"featured_media":0,"parent":0,"menu_order":0,"comment_status":"closed","ping_status":"closed","template":"","meta":[],"_links":{"self":[{"href":"https:\/\/www.elashaekeltraeume.de\/wrdprss\/wp-json\/wp\/v2\/pages\/88"}],"collection":[{"href":"https:\/\/www.elashaekeltraeume.de\/wrdprss\/wp-json\/wp\/v2\/pages"}],"about":[{"href":"https:\/\/www.elashaekeltraeume.de\/wrdprss\/wp-json\/wp\/v2\/types\/page"}],"author":[{"embeddable":true,"href":"https:\/\/www.elashaekeltraeume.de\/wrdprss\/wp-json\/wp\/v2\/users\/1"}],"replies":[{"embeddable":true,"href":"https:\/\/www.elashaekeltraeume.de\/wrdprss\/wp-json\/wp\/v2\/comments?post=88"}],"version-history":[{"count":7,"href":"https:\/\/www.elashaekeltraeume.de\/wrdprss\/wp-json\/wp\/v2\/pages\/88\/revisions"}],"predecessor-version":[{"id":239,"href":"https:\/\/www.elashaekeltraeume.de\/wrdprss\/wp-json\/wp\/v2\/pages\/88\/revisions\/239"}],"wp:attachment":[{"href":"https:\/\/www.elashaekeltraeume.de\/wrdprss\/wp-json\/wp\/v2\/media?parent=88"}],"curies":[{"name":"wp","href":"https:\/\/api.w.org\/{rel}","templated":true}]}}