{"id":67,"date":"2023-07-03T12:05:17","date_gmt":"2023-07-03T12:05:17","guid":{"rendered":"http:\/\/www.exklusiver-kloeppelschmuck.de\/wrdprss\/?page_id=67"},"modified":"2023-07-03T12:05:17","modified_gmt":"2023-07-03T12:05:17","slug":"home","status":"publish","type":"page","link":"https:\/\/www.elashaekeltraeume.de\/wrdprss\/","title":{"rendered":"Home"},"content":{"rendered":"\n<p><strong>Willkommen auf meiner Website<\/strong><\/p>\n\n\n\n<p><\/p>\n\n\n\n<p>Hier findet ihr meine liebevoll geh\u00e4kelte Heimdekoration und andere handgefertigte H\u00e4kelsachen.  Bestellen k\u00f6nnt ihr alles aus der Rubrik Heimdekoration in meinem Etsy Shop:<\/p>\n\n\n\n<p><a href=\"https:\/\/www.etsy.com\/de\/shop\/elashaekeltraeume\" target=\"_blank\" rel=\"noreferrer noopener\">https:\/\/www.etsy.com\/de\/shop\/elashaekeltraeume<\/a><\/p>\n","protected":false},"excerpt":{"rendered":"<p>Willkommen auf meiner Website Hier findet ihr meine liebevoll geh\u00e4kelte Heimdekoration und andere handgefertigte H\u00e4kelsachen. Bestellen k\u00f6nnt ihr alles aus der Rubrik Heimdekoration in meinem Etsy Shop: https:\/\/www.etsy.com\/de\/shop\/elashaekeltraeume<\/p>\n","protected":false},"author":1,"featured_media":0,"parent":0,"menu_order":0,"comment_status":"closed","ping_status":"closed","template":"","meta":[],"_links":{"self":[{"href":"https:\/\/www.elashaekeltraeume.de\/wrdprss\/wp-json\/wp\/v2\/pages\/67"}],"collection":[{"href":"https:\/\/www.elashaekeltraeume.de\/wrdprss\/wp-json\/wp\/v2\/pages"}],"about":[{"href":"https:\/\/www.elashaekeltraeume.de\/wrdprss\/wp-json\/wp\/v2\/types\/page"}],"author":[{"embeddable":true,"href":"https:\/\/www.elashaekeltraeume.de\/wrdprss\/wp-json\/wp\/v2\/users\/1"}],"replies":[{"embeddable":true,"href":"https:\/\/www.elashaekeltraeume.de\/wrdprss\/wp-json\/wp\/v2\/comments?post=67"}],"version-history":[{"count":0,"href":"https:\/\/www.elashaekeltraeume.de\/wrdprss\/wp-json\/wp\/v2\/pages\/67\/revisions"}],"wp:attachment":[{"href":"https:\/\/www.elashaekeltraeume.de\/wrdprss\/wp-json\/wp\/v2\/media?parent=67"}],"curies":[{"name":"wp","href":"https:\/\/api.w.org\/{rel}","templated":true}]}}