{"id":314,"date":"2024-04-03T09:15:53","date_gmt":"2024-04-03T09:15:53","guid":{"rendered":"https:\/\/www.elashaekeltraeume.de\/wrdprss\/?page_id=314"},"modified":"2024-04-03T09:43:50","modified_gmt":"2024-04-03T09:43:50","slug":"tiere-und-andere-fabelwesen","status":"publish","type":"page","link":"https:\/\/www.elashaekeltraeume.de\/wrdprss\/tiere-und-andere-fabelwesen\/","title":{"rendered":"Tiere und andere Fabelwesen"},"content":{"rendered":"\n<p>Felicitas, der Ph\u00f6nix aus &#8222;Fantastische H\u00e4kelfreunde &#8211; Einh\u00f6rner, Drachen und andere Fabelwesen&#8220;<\/p>\n\n\n\n<div class=\"wp-block-columns is-layout-flex wp-container-4\">\n<div class=\"wp-block-column is-layout-flow\">\n<figure class=\"wp-block-image size-thumbnail\"><a href=\"https:\/\/www.elashaekeltraeume.de\/wrdprss\/wp-content\/uploads\/2024\/04\/IMG_3753-scaled-e1712135358888.jpg\" target=\"_blank\" rel=\"noreferrer noopener\"><img decoding=\"async\" loading=\"lazy\" width=\"150\" height=\"150\" src=\"https:\/\/www.elashaekeltraeume.de\/wrdprss\/wp-content\/uploads\/2024\/04\/IMG_3753-scaled-e1712135358888-150x150.jpg\" alt=\"\" class=\"wp-image-289\"\/><\/a><\/figure>\n<\/div>\n\n\n\n<div class=\"wp-block-column is-layout-flow\">\n<figure class=\"wp-block-image size-thumbnail\"><a href=\"https:\/\/www.elashaekeltraeume.de\/wrdprss\/wp-content\/uploads\/2024\/04\/IMG_3755-scaled-e1712135374993.jpg\" target=\"_blank\" rel=\"noreferrer noopener\"><img decoding=\"async\" loading=\"lazy\" width=\"150\" height=\"150\" src=\"https:\/\/www.elashaekeltraeume.de\/wrdprss\/wp-content\/uploads\/2024\/04\/IMG_3755-scaled-e1712135374993-150x150.jpg\" alt=\"\" class=\"wp-image-290\"\/><\/a><\/figure>\n<\/div>\n\n\n\n<div class=\"wp-block-column is-layout-flow\"><\/div>\n<\/div>\n\n\n\n<p>Rosi, das Rehkitz aus &#8222;Tierisch s\u00fc\u00dfe H\u00e4kelfreunde &#8211; Lieblingsamigurumis h\u00e4keln&#8220;<\/p>\n\n\n\n<div class=\"wp-block-columns is-layout-flex wp-container-8\">\n<div class=\"wp-block-column is-layout-flow\">\n<figure class=\"wp-block-image size-thumbnail\"><a href=\"https:\/\/www.elashaekeltraeume.de\/wrdprss\/wp-content\/uploads\/2024\/04\/IMG_5692-scaled-e1712135418712.jpg\" target=\"_blank\" rel=\"noreferrer noopener\"><img decoding=\"async\" loading=\"lazy\" width=\"150\" height=\"150\" src=\"https:\/\/www.elashaekeltraeume.de\/wrdprss\/wp-content\/uploads\/2024\/04\/IMG_5692-scaled-e1712135418712-150x150.jpg\" alt=\"\" class=\"wp-image-293\"\/><\/a><\/figure>\n<\/div>\n\n\n\n<div class=\"wp-block-column is-layout-flow\">\n<figure class=\"wp-block-image size-thumbnail\"><a href=\"https:\/\/www.elashaekeltraeume.de\/wrdprss\/wp-content\/uploads\/2024\/04\/IMG_5693-scaled-e1712135432636.jpg\" target=\"_blank\" rel=\"noreferrer noopener\"><img decoding=\"async\" loading=\"lazy\" width=\"150\" height=\"150\" src=\"https:\/\/www.elashaekeltraeume.de\/wrdprss\/wp-content\/uploads\/2024\/04\/IMG_5693-scaled-e1712135432636-150x150.jpg\" alt=\"\" class=\"wp-image-294\"\/><\/a><\/figure>\n<\/div>\n\n\n\n<div class=\"wp-block-column is-layout-flow\">\n<figure class=\"wp-block-image size-thumbnail\"><a href=\"https:\/\/www.elashaekeltraeume.de\/wrdprss\/wp-content\/uploads\/2024\/04\/IMG_5694-scaled-e1712135442986.jpg\" target=\"_blank\" rel=\"noreferrer noopener\"><img decoding=\"async\" loading=\"lazy\" width=\"150\" height=\"150\" src=\"https:\/\/www.elashaekeltraeume.de\/wrdprss\/wp-content\/uploads\/2024\/04\/IMG_5694-scaled-e1712135442986-150x150.jpg\" alt=\"\" class=\"wp-image-295\"\/><\/a><\/figure>\n<\/div>\n<\/div>\n","protected":false},"excerpt":{"rendered":"<p>Felicitas, der Ph\u00f6nix aus &#8222;Fantastische H\u00e4kelfreunde &#8211; Einh\u00f6rner, Drachen und andere Fabelwesen&#8220; Rosi, das Rehkitz aus &#8222;Tierisch s\u00fc\u00dfe H\u00e4kelfreunde &#8211; Lieblingsamigurumis h\u00e4keln&#8220;<\/p>\n","protected":false},"author":1,"featured_media":0,"parent":0,"menu_order":0,"comment_status":"closed","ping_status":"closed","template":"","meta":[],"_links":{"self":[{"href":"https:\/\/www.elashaekeltraeume.de\/wrdprss\/wp-json\/wp\/v2\/pages\/314"}],"collection":[{"href":"https:\/\/www.elashaekeltraeume.de\/wrdprss\/wp-json\/wp\/v2\/pages"}],"about":[{"href":"https:\/\/www.elashaekeltraeume.de\/wrdprss\/wp-json\/wp\/v2\/types\/page"}],"author":[{"embeddable":true,"href":"https:\/\/www.elashaekeltraeume.de\/wrdprss\/wp-json\/wp\/v2\/users\/1"}],"replies":[{"embeddable":true,"href":"https:\/\/www.elashaekeltraeume.de\/wrdprss\/wp-json\/wp\/v2\/comments?post=314"}],"version-history":[{"count":2,"href":"https:\/\/www.elashaekeltraeume.de\/wrdprss\/wp-json\/wp\/v2\/pages\/314\/revisions"}],"predecessor-version":[{"id":337,"href":"https:\/\/www.elashaekeltraeume.de\/wrdprss\/wp-json\/wp\/v2\/pages\/314\/revisions\/337"}],"wp:attachment":[{"href":"https:\/\/www.elashaekeltraeume.de\/wrdprss\/wp-json\/wp\/v2\/media?parent=314"}],"curies":[{"name":"wp","href":"https:\/\/api.w.org\/{rel}","templated":true}]}}