{"id":118,"date":"2023-07-03T13:36:33","date_gmt":"2023-07-03T13:36:33","guid":{"rendered":"http:\/\/www.exklusiver-kloeppelschmuck.de\/wrdprss\/?page_id=118"},"modified":"2023-07-10T09:51:12","modified_gmt":"2023-07-10T09:51:12","slug":"handytaschen","status":"publish","type":"page","link":"https:\/\/www.elashaekeltraeume.de\/wrdprss\/handytaschen\/","title":{"rendered":"Handytaschen"},"content":{"rendered":"\n<p>Diese wunderbare Handytasche mit Schultergurt wird aus 3mm recyceltem Baumwollgarn von Bobbiny geh\u00e4kelt und wird individuell nach deinen W\u00fcnschen gearbeitet.<\/p>\n\n\n\n<p>Du kannst sie in mehreren Varianten zusammenstellen:<br>W\u00e4hle das Muster aus (Muster 1 und Muster 2).<br>Entscheide dich dann, ob du sie geschlossen (mit Lasche und Holzknopf) oder offen magst.<br>Zum Schluss w\u00e4hlst du deine Lieblingsfarbe.<\/p>\n\n\n\n<p>Au\u00dfenma\u00df ca.: 10 cm x 16,5 cm x 2cm<br>Innenma\u00df ca.: 8 cm x 15,5 cm<\/p>\n\n\n\n<p>Der Schultergurt ist mit Karabinern ca. 117 cm lang und kann abgenommen werden, falls dass Handy mit der Tasche in einer Handtasche Platz finden soll.<\/p>\n\n\n\n<div class=\"wp-block-columns is-layout-flex wp-container-4\">\n<div class=\"wp-block-column is-layout-flow\" style=\"flex-basis:33.33%\">\n<figure class=\"wp-block-image size-thumbnail\"><a href=\"https:\/\/www.elashaekeltraeume.de\/wrdprss\/wp-content\/uploads\/2023\/07\/IMG_8188-1-scaled-e1688982132853.jpg\" target=\"_blank\" rel=\"noreferrer noopener\"><img decoding=\"async\" loading=\"lazy\" width=\"150\" height=\"150\" src=\"https:\/\/www.elashaekeltraeume.de\/wrdprss\/wp-content\/uploads\/2023\/07\/IMG_8188-1-scaled-e1688982132853-150x150.jpg\" alt=\"\" class=\"wp-image-212\"\/><\/a><\/figure>\n<\/div>\n\n\n\n<div class=\"wp-block-column is-layout-flow\" style=\"flex-basis:33.33%\">\n<figure class=\"wp-block-image size-thumbnail\"><a href=\"https:\/\/www.elashaekeltraeume.de\/wrdprss\/wp-content\/uploads\/2023\/07\/IMG_8486-scaled-e1688923361641.jpg\" target=\"_blank\" rel=\"noreferrer noopener\"><img decoding=\"async\" loading=\"lazy\" width=\"150\" height=\"150\" src=\"https:\/\/www.elashaekeltraeume.de\/wrdprss\/wp-content\/uploads\/2023\/07\/IMG_8486-scaled-e1688923361641-150x150.jpg\" alt=\"\" class=\"wp-image-215\"\/><\/a><\/figure>\n<\/div>\n\n\n\n<div class=\"wp-block-column is-layout-flow\" style=\"flex-basis:33.33%\">\n<figure class=\"wp-block-image size-thumbnail\"><a href=\"https:\/\/www.elashaekeltraeume.de\/wrdprss\/wp-content\/uploads\/2023\/07\/IMG_8793-scaled-e1688923549373.jpg\" target=\"_blank\" rel=\"noreferrer noopener\"><img decoding=\"async\" loading=\"lazy\" width=\"150\" height=\"150\" src=\"https:\/\/www.elashaekeltraeume.de\/wrdprss\/wp-content\/uploads\/2023\/07\/IMG_8793-scaled-e1688923549373-150x150.jpg\" alt=\"\" class=\"wp-image-217\"\/><\/a><\/figure>\n<\/div>\n<\/div>\n","protected":false},"excerpt":{"rendered":"<p>Diese wunderbare Handytasche mit Schultergurt wird aus 3mm recyceltem Baumwollgarn von Bobbiny geh\u00e4kelt und wird individuell nach deinen W\u00fcnschen gearbeitet. Du kannst sie in mehreren Varianten zusammenstellen:W\u00e4hle das Muster aus (Muster 1 und Muster 2).Entscheide dich dann, ob du sie geschlossen (mit Lasche und Holzknopf) oder offen magst.Zum Schluss w\u00e4hlst du deine Lieblingsfarbe. Au\u00dfenma\u00df ca.:<\/p>\n<div class=\"more-link\">\n             <a href=\"https:\/\/www.elashaekeltraeume.de\/wrdprss\/handytaschen\/\" class=\"link-btn\"><span>Weiterlesen <\/span><i class=\"icofont-thin-double-right\"><\/i><\/a>\n        <\/div>\n","protected":false},"author":1,"featured_media":0,"parent":0,"menu_order":0,"comment_status":"closed","ping_status":"closed","template":"","meta":[],"_links":{"self":[{"href":"https:\/\/www.elashaekeltraeume.de\/wrdprss\/wp-json\/wp\/v2\/pages\/118"}],"collection":[{"href":"https:\/\/www.elashaekeltraeume.de\/wrdprss\/wp-json\/wp\/v2\/pages"}],"about":[{"href":"https:\/\/www.elashaekeltraeume.de\/wrdprss\/wp-json\/wp\/v2\/types\/page"}],"author":[{"embeddable":true,"href":"https:\/\/www.elashaekeltraeume.de\/wrdprss\/wp-json\/wp\/v2\/users\/1"}],"replies":[{"embeddable":true,"href":"https:\/\/www.elashaekeltraeume.de\/wrdprss\/wp-json\/wp\/v2\/comments?post=118"}],"version-history":[{"count":7,"href":"https:\/\/www.elashaekeltraeume.de\/wrdprss\/wp-json\/wp\/v2\/pages\/118\/revisions"}],"predecessor-version":[{"id":243,"href":"https:\/\/www.elashaekeltraeume.de\/wrdprss\/wp-json\/wp\/v2\/pages\/118\/revisions\/243"}],"wp:attachment":[{"href":"https:\/\/www.elashaekeltraeume.de\/wrdprss\/wp-json\/wp\/v2\/media?parent=118"}],"curies":[{"name":"wp","href":"https:\/\/api.w.org\/{rel}","templated":true}]}}