{"id":112,"date":"2023-07-03T13:30:17","date_gmt":"2023-07-03T13:30:17","guid":{"rendered":"http:\/\/www.exklusiver-kloeppelschmuck.de\/wrdprss\/?page_id=112"},"modified":"2023-07-10T09:52:35","modified_gmt":"2023-07-10T09:52:35","slug":"windlichter","status":"publish","type":"page","link":"https:\/\/www.elashaekeltraeume.de\/wrdprss\/windlichter\/","title":{"rendered":"Windlichter"},"content":{"rendered":"\n<p>Diese wundersch\u00f6nen Windlichter zaubern ein warmes Ambiente auf dem Tisch, zur Dekoration oder auch im gem\u00fctlichen Badezimmer.<\/p>\n\n\n\n<p>Die Umh\u00e4kelung wird aus 5mm recyceltem Baumwollgarn von Bobbiny gearbeitet.<br>Sie hat einen Durchmesser von ca 10 cm und eine H\u00f6he von ca 5,5 cm.<\/p>\n\n\n\n<p>Die Gl\u00e4ser haben einen Durchmesser von 8 cm und eine H\u00f6he von 9 cm und werden nat\u00fcrlich mitgeliefert.<\/p>\n\n\n\n<div class=\"wp-block-columns is-layout-flex wp-container-4\">\n<div class=\"wp-block-column is-layout-flow\">\n<figure class=\"wp-block-image size-thumbnail\"><a href=\"https:\/\/www.elashaekeltraeume.de\/wrdprss\/wp-content\/uploads\/2023\/07\/IMG_8248-scaled-1-e1688982163933.jpg\" target=\"_blank\" rel=\"noreferrer noopener\"><img decoding=\"async\" loading=\"lazy\" width=\"150\" height=\"150\" src=\"https:\/\/www.elashaekeltraeume.de\/wrdprss\/wp-content\/uploads\/2023\/07\/IMG_8248-scaled-1-e1688982163933-150x150.jpg\" alt=\"\" class=\"wp-image-178\"\/><\/a><\/figure>\n<\/div>\n\n\n\n<div class=\"wp-block-column is-layout-flow\">\n<figure class=\"wp-block-image size-thumbnail\"><a href=\"https:\/\/www.elashaekeltraeume.de\/wrdprss\/wp-content\/uploads\/2023\/07\/IMG_8250-scaled-e1688982076268.jpg\" target=\"_blank\" rel=\"noreferrer noopener\"><img decoding=\"async\" loading=\"lazy\" width=\"150\" height=\"150\" src=\"https:\/\/www.elashaekeltraeume.de\/wrdprss\/wp-content\/uploads\/2023\/07\/IMG_8250-scaled-e1688982076268-150x150.jpg\" alt=\"\" class=\"wp-image-231\"\/><\/a><\/figure>\n<\/div>\n\n\n\n<div class=\"wp-block-column is-layout-flow\">\n<figure class=\"wp-block-image size-thumbnail\"><a href=\"https:\/\/www.elashaekeltraeume.de\/wrdprss\/wp-content\/uploads\/2023\/07\/IMG_8243-scaled-e1688982090926.jpg\" target=\"_blank\" rel=\"noreferrer noopener\"><img decoding=\"async\" loading=\"lazy\" width=\"150\" height=\"150\" src=\"https:\/\/www.elashaekeltraeume.de\/wrdprss\/wp-content\/uploads\/2023\/07\/IMG_8243-scaled-e1688982090926-150x150.jpg\" alt=\"\" class=\"wp-image-229\"\/><\/a><\/figure>\n<\/div>\n<\/div>\n","protected":false},"excerpt":{"rendered":"<p>Diese wundersch\u00f6nen Windlichter zaubern ein warmes Ambiente auf dem Tisch, zur Dekoration oder auch im gem\u00fctlichen Badezimmer. Die Umh\u00e4kelung wird aus 5mm recyceltem Baumwollgarn von Bobbiny gearbeitet.Sie hat einen Durchmesser von ca 10 cm und eine H\u00f6he von ca 5,5 cm. Die Gl\u00e4ser haben einen Durchmesser von 8 cm und eine H\u00f6he von 9 cm<\/p>\n<div class=\"more-link\">\n             <a href=\"https:\/\/www.elashaekeltraeume.de\/wrdprss\/windlichter\/\" class=\"link-btn\"><span>Weiterlesen <\/span><i class=\"icofont-thin-double-right\"><\/i><\/a>\n        <\/div>\n","protected":false},"author":1,"featured_media":0,"parent":0,"menu_order":0,"comment_status":"closed","ping_status":"closed","template":"","meta":[],"_links":{"self":[{"href":"https:\/\/www.elashaekeltraeume.de\/wrdprss\/wp-json\/wp\/v2\/pages\/112"}],"collection":[{"href":"https:\/\/www.elashaekeltraeume.de\/wrdprss\/wp-json\/wp\/v2\/pages"}],"about":[{"href":"https:\/\/www.elashaekeltraeume.de\/wrdprss\/wp-json\/wp\/v2\/types\/page"}],"author":[{"embeddable":true,"href":"https:\/\/www.elashaekeltraeume.de\/wrdprss\/wp-json\/wp\/v2\/users\/1"}],"replies":[{"embeddable":true,"href":"https:\/\/www.elashaekeltraeume.de\/wrdprss\/wp-json\/wp\/v2\/comments?post=112"}],"version-history":[{"count":4,"href":"https:\/\/www.elashaekeltraeume.de\/wrdprss\/wp-json\/wp\/v2\/pages\/112\/revisions"}],"predecessor-version":[{"id":245,"href":"https:\/\/www.elashaekeltraeume.de\/wrdprss\/wp-json\/wp\/v2\/pages\/112\/revisions\/245"}],"wp:attachment":[{"href":"https:\/\/www.elashaekeltraeume.de\/wrdprss\/wp-json\/wp\/v2\/media?parent=112"}],"curies":[{"name":"wp","href":"https:\/\/api.w.org\/{rel}","templated":true}]}}